-18 - -23. Suppose 0*d - d + 142 = 3*q, v*q - d = 226. Let y = q + 19. What are the prime factors of y?
5, 13
Let x = 694 + 266. What are the prime factors of x?
2, 3, 5
What are the prime factors of (35/7 - -111) + 8?
2, 31
Suppose -6737 = -14*p + 7795. What are the prime factors of p?
2, 3, 173
Let p be (-1446)/12*(-1 + -1). Suppose 5*x - p = 2*k, -x - k + 43 = -8. List the prime factors of x.
7
Let s = -1766 + 3264. What are the prime factors of s?
2, 7, 107
Let i(k) = 2*k. Suppose 0 = m - 0 + 2. Let o be i(m). Let v = o + 15. List the prime factors of v.
11
Suppose -10*w - 3792 = -18*w. What are the prime factors of w?
2, 3, 79
Let w = -22 + 31. Let h be (218/3)/(30/(-9) + 4). List the prime factors of w/6 + h/2.
2, 7
Let l(f) = 16*f**2 - f - 1. Suppose -6 = -4*p - 2. Let d = p - 2. What are the prime factors of l(d)?
2
Let n(q) = -61*q + 116. What are the prime factors of n(-25)?
3, 547
List the prime factors of (-50)/(-6)*(-9 - -69) - -6.
2, 11, 23
Let k(i) = -148*i - 2. Let m be k(-2). Suppose 7*o = 10*o - m. List the prime factors of o.
2, 7
Suppose 0 = 4*i - 5*a - 60, -a = -2*i - 6*a. Suppose i = 6*k - 2. Suppose -152 = -4*n - 5*t, 0 = 3*n - 0*t - k*t - 137. List the prime factors of n.
43
Let j(s) = -4*s + 12. Let y be j(6). Let a = 9 - y. Let p = a - 13. List the prime factors of p.
2
Suppose 6*i - 14306 = 1240. What are the prime factors of i?
2591
Suppose 74*d - 68*d - 2910 = 0. What are the prime factors of d?
5, 97
Let g(z) = -17*z - 281. List the prime factors of g(-19).
2, 3, 7
What are the prime factors of 15*(-1155)/((-84)/12)?
3, 5, 11
Let t = 564 - 300. List the prime factors of (-1)/(-1 - t/(-267)).
89
Suppose -37890 = -62*c + 52*c. List the prime factors of c.
3, 421
Suppose 0*l - w - 19 = 3*l, -2*w - 22 = 4*l. Let s = 106 - l. What are the prime factors of s?
2, 3, 19
Suppose 2*c = 1 - 9. Let g be (-2)/c - 54/(-12). Suppose 0 = n - 2*n - 2*p + 4, -5*n = -5*p - g. What are the prime factors of n?
2
Suppose 4*d - 2810 = -9*x + 7*x, 5*d - 4*x = 3493. List the prime factors of d.
701
Suppose 0 = -5*o - s + 596, 3*o + s = 4*s + 372. Let a = o + -29. What are the prime factors of a?
7, 13
Let s = 2 + 5. Suppose 0*z = z - 8. Let m = s + z. What are the prime factors of m?
3, 5
Suppose 0 = -3*p - 5*b + 982, -6*p + p - 5*b + 1650 = 0. What are the prime factors of p?
2, 167
Let k(h) = 224*h - 1. Let s be k(1). Suppose -2*x + 123 = 2*l - 29, -2*x + s = 3*l. What are the prime factors of l?
71
Suppose 8*o - 12 = 12*o. What are the prime factors of (o/(-9))/((-2)/(-450))?
3, 5
Suppose -5*b - 117 = -147. Suppose -b*i - 346 = -1132. What are the prime factors of i?
131
Let j(u) = -u**2 + 0*u**2 - u - 4 - u**2 + u**3. Let r = -140 - -144. List the prime factors of j(r).
2, 3
Let x = 19 + -15. Suppose 2*d = 3*i + 18, -17 = d + x*i - 4. Suppose -4*a + 22 = k + a, -2*k + d*a = -57. What are the prime factors of k?
3
Let t(o) = 15*o + 240. List the prime factors of t(17).
3, 5, 11
Suppose 18*k - 21128 = -356. What are the prime factors of k?
2, 577
Suppose -2*m = -2*s - 1332, -10*s + 12*s = -8. What are the prime factors of m?
2, 331
Let s = 54 - -60. Suppose 5*z - 4*z = s. What are the prime factors of z?
2, 3, 19
Let t = 909 + -639. Suppose -6*m + t = -270. What are the prime factors of m?
2, 3, 5
Suppose -8 = -6*n + 10. Suppose -n*u = -10 - 5. Suppose -u*o = -11 + 1. List the prime factors of o.
2
Let p(g) = 3*g**3 + g**2 + 10*g + 10. What are the prime factors of p(5)?
2, 5, 23
Suppose 3*x + 2*x - 25 = 0. Let v = -97 - -173. Suppose c - x*c = -v. What are the prime factors of c?
19
Suppose 4*y - x - 29 = 0, -5*x + 0*x = 5. Let u = y + -8. What are the prime factors of (-1)/(68/72 + u)?
2, 3
List the prime factors of (-61)/(((-33)/(-66))/(1*-4)).
2, 61
Suppose 0 = -5*y + 2*a + 12034, 47*y - 5*a + 4831 = 49*y. What are the prime factors of y?
2, 7, 43
Let r = 174 - -78. Suppose 5*u - r = -2*u. List the prime factors of u.
2, 3
Suppose -101*a + 1216 = -97*a. What are the prime factors of a?
2, 19
Let z be (24 - 0) + (4 - 7). Let j be -30*(z/(-15) - 1). Suppose j = 4*r - r. What are the prime factors of r?
2, 3
Let w = 60 + 170. What are the prime factors of w?
2, 5, 23
Let v(o) = 143*o - 33. What are the prime factors of v(5)?
2, 11, 31
Let x be 8/24*(-6)/(-1). Suppose -4*c + 8*c - 5*l - 328 = 0, -c - x*l = -69. List the prime factors of c.
7, 11
Suppose -2*k = -2 - 2. Let x be 4/14 - 57/(-21). Suppose 0 = 5*i - 5, 0 = y - x*i - k*i - 8. What are the prime factors of y?
13
Let p(j) = 2*j - 2 + 4*j + 2*j + 4*j**2 - j. List the prime factors of p(3).
5, 11
Let j(r) = 102*r**3 - 2*r**2 + 2*r - 1. Let p be (-6)/15*1*-5 + -1. What are the prime factors of j(p)?
101
Let h = -3 - -7. Suppose -2*n + 184 = 2*z, -3*z + 269 = -0*z - h*n. Let c = -54 + z. List the prime factors of c.
37
Let t(d) = d**2 - 6*d + 7. Let s be (-7 - -10) + 3 + 0. Let l be t(s). Let x = 17 - l. List the prime factors of x.
2, 5
Let z = 24 + 43. What are the prime factors of z?
67
Let i be (-225)/6 + 1 - (-1)/2. What are the prime factors of (1194/i)/((-3)/18)?
199
What are the prime factors of (-15)/(-12) - 12369/(-28)?
443
Let i(a) = 3*a**2 - 8*a + 6. Let b be i(4). Let j = 21 - b. What are the prime factors of 3 + (4 - (-52 - j))?
2, 29
Suppose 0 = 5*d + 20, -i - 3*d - 2*d - 25 = 0. List the prime factors of ((-78)/10)/(1/i).
3, 13
Suppose 2*r - 35 = -q, q = -r - 0*r + 33. Let s(a) = a - 10. Let w be s(-5). Let v = w + q. What are the prime factors of v?
2
Suppose 7*n = 4141 + 150. List the prime factors of n.
613
Let o(r) = -r**2 - r - 16. Let t be o(0). Let z(v) = v**2 + v + 4. Let s be z(6). Let q = t + s. List the prime factors of q.
2, 3, 5
Suppose 3*s - 25 = -19. Suppose s*g + g = v, -55 = -4*v + g. What are the prime factors of v?
3, 5
Suppose -4*u + 0*t + 3*t + 57 = 0, 3*u + t = 33. Let k be (-21)/(1/(16/u)). List the prime factors of -1 + 2 + (-5 - k).
2, 3
Let l = 155 + -234. Let i = -160 + 49. Let q = l - i. List the prime factors of q.
2
Suppose -r = -0*r - 1, -c = 3*r - 277. What are the prime factors of c?
2, 137
Let x be (-29)/(1 - 24/28). Let z = -101 - x. Let f = 153 - z. What are the prime factors of f?
3, 17
Suppose 0 = 6*b - 2*b - 8. Suppose -u = b*u + 4*g + 12, -3*g = 9. Suppose 52 = 2*c + 2*p, 4*p = 5*c - u*p - 112. What are the prime factors of c?
2, 3
Suppose 30*l = 9*l + 7623. List the prime factors of l.
3, 11
Suppose -10*v + 120 = -5*v. List the prime factors of (1/((-10)/v))/((-8)/40).
2, 3
Let l(c) = c + 3. Let i be l(2). Suppose -5*a = w - 3, -2*w - i = 4*a - 17. What are the prime factors of w?
2
Suppose -2*h + 0*h = -3*m - 12, 2*m - 3 = 5*h. Let r be (-4)/m + 39/9. Suppose r*c - 71 = 49. What are the prime factors of c?
2, 3
Let r = -3 + 10. Suppose r*l - 3*l = -60. List the prime factors of (-95)/l - 3/9.
2, 3
Let b = -1175 - -1994. What are the prime factors of b?
3, 7, 13
Let h be -4 - (-275 + 3 - -1). Let r = 454 - h. What are the prime factors of r?
11, 17
Suppose 24*z = 12282 + 69462. What are the prime factors of z?
2, 13, 131
Suppose -g - 5*t + 147 - 26 = 0, -3*g = -t - 315. List the prime factors of g.
2, 53
Suppose -459 = -5*s - 59. Suppose -s*j - 232 = -84*j. What are the prime factors of j?
2, 29
Let o(a) = -4*a. Let d be o(-18). Let j = -33 + d. List the prime factors of j.
3, 13
Suppose 16 = -4*v + 112. Let h = 47 + v. What are the prime factors of h?
71
Let t(r) = -r**2 + 7*r. Let l be t(7). What are the prime factors of l + (3 - 171)/(-3)?
2, 7
What are the prime factors of 1153*6/(3 + 3)?
1153
Let f = 807 - 469. Suppose 0 = 5*h - f - 402. List the prime factors of h.
2, 37
Suppose -2*x - 830 = -2*c, -4*c + 1705 = 5*x - 0*x. Suppose 4*s + c = 4*v, -4*v + 433 = -s + 10. List the prime factors of v.
2, 53
Let p(s) = -s**2 + 16*s + 112. What are the prime factors of p(17)?
5, 19
Suppose -17 = -2*z - 1. Let h = z - -30. Let a = h - 12. What are the prime factors of a?
2, 13
Let f be (3 + -2 - 1) + 8/(-1). Let g(y) = -y**3 - 7*y**2 + 8*y + 14. List the prime factors of g(f).
2, 7
Let h be (-4)/6*6/4. Let n(b) = -11*b**3 + 2*b**2 - 3*b + 3. Let g(w) = 12*w**3 - w**2 + 2*w - 2. Let c(d) = -3*g(d) - 2*n(d). List the prime factors of c(h).
13
Suppose -4*h + 7*h = 0. Suppose 0 = 5*y + 4*c + 271, h = -y - 5*c + 16 - 87. What are